-1011101111011 (base 2) to base 3
-22020122
Convert 16e12f (base 16) to base 13.
406656
What is 862088 (base 9) in base 4?
1331110100
What is -3b3520 (base 12) in base 16?
-ef628
249234 (base 10) to base 2
111100110110010010
Convert 1132040031 (base 5) to base 6.
131552031
What is 618409 (base 10) in base 5?
124242114
What is -323223022 (base 4) in base 3?
-110102021211
What is 102120200100220 (base 3) in base 10?
6154485
1012201220111 (base 3) to base 4
2131110100
Convert -1664713 (base 8) to base 15.
-98e40
What is -2132103 (base 5) in base 7?
-211332
Convert -b7aaa (base 13) to base 4.
-1100321310
Convert 32475 (base 13) to base 4.
112023201
Convert -7790 (base 10) to base 4.
-1321232
What is 72695 (base 12) in base 6?
3112305
Convert 31000 (base 8) to base 4.
3020000
Convert 2445415 (base 6) to base 14.
35975
-6834907 (base 10) to base 7
-112044562
What is -20115006 (base 7) in base 5?
-411334030
-112701 (base 11) to base 16
-2bc02
522494 (base 12) to base 13
3620a7
What is -110001100101001100111011 (base 2) in base 16?
-c6533b
Convert -1053452 (base 8) to base 16.
-4572a
What is -197667 (base 10) in base 16?
-30423
Convert -1921de (base 16) to base 13.
-4588c9
Convert -907245 (base 11) to base 13.
-3c116c
225052 (base 7) to base 4
21303220
What is 830743 (base 9) in base 12?
1b9149
Convert 5322406 (base 7) to base 9.
1181801
What is 101033331 (base 4) in base 13?
2620b
-7b4050 (base 13) to base 2
-1011001001011001011011
Convert -434112313 (base 5) to base 15.
-26c208
What is -1a481 (base 14) in base 13?
-244cb
Convert -11201031013 (base 4) to base 16.
-161347
Convert -124612 (base 7) to base 12.
-11584
Convert 13321523 (base 6) to base 4.
1230330123
Convert -c132ea (base 15) to base 4.
-202333232200
Convert 1609d6 (base 15) to base 10.
1065351
Convert -144000 (base 10) to base 16.
-23280
What is -1246110 (base 13) in base 14?
-a8424b
-14441321 (base 5) to base 7
-1216222
10155104 (base 6) to base 5
33422222
What is 21211110000 (base 3) in base 6?
3145343
Convert 88840 (base 11) to base 16.
1f714
What is -20001031020 (base 4) in base 5?
-1014231323
-11302132311 (base 4) to base 6
-52305233
What is 2001340012 (base 5) in base 6?
220151501
What is 95e1d (base 15) in base 13?
138688
1714b (base 15) to base 11
5100a
What is -210212332010 (base 4) in base 8?
-44467604
What is 200001021112 (base 3) in base 14?
93654
What is -10000010111011001110000 (base 2) in base 3?
-22001221222211
What is 110101110110100010 (base 2) in base 11?
1407a6
52000 (base 10) to base 4
30230200
-1915632 (base 10) to base 12
-784700
What is 80382 (base 13) in base 2?
110111111011101101
Convert 1320103332 (base 5) to base 6.
154223334
What is 3891541 (base 10) in base 14?
7342b3
-1546 (base 15) to base 16
-11d6
Convert 1555313 (base 6) to base 8.
266035
751ba (base 13) to base 16
33922
15545007 (base 8) to base 15
4add78
Convert -243670 (base 8) to base 4.
-110132320
What is -4032453 (base 6) in base 2?
-101110101010010001
-4424a (base 14) to base 11
-10304a
3150561 (base 7) to base 14
9d331
70631 (base 11) to base 12
4b8bb
What is 20ac1 (base 16) in base 14?
36aad
Convert 66780a3 (base 11) to base 4.
230222213320
Convert 287700 (base 10) to base 16.
463d4
-1111001101000011011010 (base 2) to base 12
-14025b6
12254220 (base 6) to base 5
100134403
What is 724104 (base 8) in base 15?
4b03e
-2c0a5e (base 16) to base 3
-12102122011201
What is -254560 (base 10) in base 9?
-427164
Convert -1121012122 (base 5) to base 9.
-4655032
Convert -57954 (base 12) to base 14.
-3098c
What is 7986649 (base 10) in base 6?
443103121
-2351972 (base 12) to base 8
-32022446
Convert 14330443 (base 6) to base 16.
7897b
Convert -1302076 (base 9) to base 14.
-146b07
What is -b235b (base 13) in base 11?
-1a8865
Convert a31902 (base 12) to base 9.
4721732
Convert 13214502 (base 6) to base 2.
1101010111000100110
Convert -79235 (base 11) to base 6.
-2243122
-5447679 (base 10) to base 8
-24617777
Convert 20222212120 (base 3) to base 14.
3826c
Convert -5f17c (base 16) to base 6.
-12203124
Convert 13d30d (base 15) to base 11.
5a3131
22459b9 (base 12) to base 11
3782689
-274886 (base 9) to base 3
-22111222220
What is -593630 (base 10) in base 13?
-17a27b
What is -3756175 (base 11) in base 5?
-3132222214
Convert -112002210210 (base 3) to base 5.
-32340413
Convert -14237500 (base 8) to base 9.
-6058212
-3d716 (base 14) to base 11
-a4486
-22220121012 (base 3) to base 2
-101010110100100101
What is 1301321110 (base 4) in base 2?
1110001111001010100
What is -12d176 (base 14) in base 15?
-ccba3
Convert 397b52b (base 12) to base 3.
210101021012222
6a868 (base 14) to base 10
259596
Convert -17761c (base 13) to base 12.
-24409a
What is 55580 (base 10) in base 6?
1105152
14024604 (base 7) to base 9
2402083
-122222212202 (base 3) to base 11
-222136
Convert 3105523 (base 6) to base 11.
a1a62
What is -785b (base 14) in base 10?
-20857
What is -528c0 (base 14) in base 2?
-110000101010001000
Convert -1740380 (base 10) to base 9.
-3242315
Convert 2027a5 (base 11) to base 14.
869c2
Convert -110046a (base 13) to base 11.
-2a30a92
-97581b (base 12) to base 7
-26231630
What is 3450710 (base 9) in base 11?
1063415
What is 41a3405 (base 11) in base 8?
34161453
What is -14697 (base 14) in base 7?
-300550
-102110202122012 (base 3) to base 12
-20604ab
-740916 (base 11) to base 12
-492b2b
What is 423242 (base 5) in base 15?
4317
63362 (base 7) to base 15
496b
Convert -547c2 (base 13) to base 15.
-304a9
2111301 (base 7) to base 12
103699
Convert -326b6 (base 14) to base 6.
-2341052
Convert -8393a9 (base 11) to base 6.
-44453520
1599326 (base 10) to base 11
9a2663
What is -110120110012 (base 3) in base 13?
-88835
What is 10101000100011011011 (base 2) in base 3?
1022002001012
Convert 18c5a (base 14) to base 8.
172520
9321746 (base 10) to base 8
43436422
Convert 134082 (base 10) to base 8.
405702
Convert 3421765 (base 9) to base 12.
74b858
What is -1ad7a3 (base 16) in base 13?
-497915
Convert -502182 (base 10) to base 6.
-14432530
Convert -1001100000111011010 (base 2) to base 11.
-1a3268
What is -102362 (base 13) in base 5?
-44020044
Convert -5872553 (base 9) to base 13.
-873351
111111011111011000000 (base 2) to base 8
7737300
What is 12301312023 (base 4) in base 11?
1004127
1362761 (base 10) to base 8
5145511
Convert -824c0 (base 13) to base 3.
-102212121002
Convert -1202102210 (base 3) to base 15.
-a3a6
What is 211111112111 (base 3) in base 16?
6c20e
-2671023 (base 8) to base 2
-10110111001000010011
What is -13314423 (base 5) in base 4?
-201012331
What is -1370070 (base 12) in base 9?
-7260203
634a3 (base 12) to base 2
11111110011111011
Convert 10122001120102 (base 3) to base 14.
38354b
1204124035 (base 6) to base 10
13634807
2130001031 (base 5) to base 9
8465808
What is 111487 (base 14) in base 9?
1073408
-1c96d7 (base 16) to base 10
-1873623
Convert -101100001010111101 (base 2) to base 4.
-230022331
Convert -8448703 (base 9) to base 11.
-2608248
21482 (base 12) to base 8
125542
What is -936a2 (base 12) in base 10?
-192794
Convert 201220201210210 (base 3) to base 12.
3665156
What is -300113200 (base 4) in base 9?
-331674
-a4cc7 (base 13) to base 4
-1020122031
What is -430193 (base 10) in base 9?
-725102
3475a9 (base 13) to base 11
780001
3345321 (base 7) to base 14
ab281
What is -6617 (base 16) in base 15?
-7b25
-3330a (base 14) to base 8
-362256
What is 163709 (base 15) in base 8?
4063222
What is 33211023 (base 4) in base 13?
23082
Convert bcac6 (base 13) to base 11.
214271
Convert 1041342122 (base 5) to base 2.
1000101111111010100100
What is 155808 (base 11) in base 13?
86139
What is 1780323 (base 10) in base 3?
10100110010220
What is 101111101010101 (base 2) in base 11?
17377
-394a0 (base 11) to base 8
-156260
2220220022 (base 4) to base 16
a8a0a
-7545422 (base 9) to base 7
-46246436
What is -102210211102 (base 3) in base 6?
-4552015
Convert 14cac4 (base 13) to base 5.
112420001
What is -1e3d6 (base 15) in base 2?
-11000000110111111
321220310 (base 4) to base 8
715064
Convert 10222221221 (base 3) to base 10.
78703
Convert -17a21 (base 11) to base 4.
-12021213
205093 (base 12) to base 5
112201130
Convert 441505 (base 6) to base 2.
1000111101010001
-12000101111 (base 3) to base 7
-560515
What is 1a06603 (base 13) in base 2?
100